+ v**2 - 23*v + 10 + 2. Calculate u(28).
1
Let z = 1401 - 1403. Let g(u) = -4*u**2 + 3*u + 1. Calculate g(z).
-21
Let l(u) be the first derivative of -4*u**3/3 + 2*u**2 + 10*u + 1588. Determine l(-3).
-38
Suppose 0 = 3*l - z + 9, z - 28 = 4*l + 5*z. Let g(q) = -2*q - 4. Suppose -12 = 4*p - 0. Let x(r) = -10*r - 20. Let k(m) = p*x(m) + 16*g(m). Determine k(l).
4
Let y = -15 + 8. Let g(p) = -p**3 + 6*p**2 - 6*p + 11. Let v = 16 + -22. Let k(h) = h**3 - 6*h**2 + 5*h - 10. Let j(s) = v*g(s) + y*k(s). Calculate j(6).
10
Let m(r) = -9*r**2 + 31*r + 3. Let l(q) = -11*q**2 + 39*q + 3. Let b(a) = 5*l(a) - 6*m(a). What is b(9)?
-3
Let t(g) = -g**2 + 9*g - 2. Let k be 300/135 + 6/(-27). Suppose -m - 4*r - 4 = 0, -2*m + k = -m + 2*r. Calculate t(m).
6
Let j(t) be the second derivative of -3*t**3/2 + 15*t**2/2 - 49*t + 1. What is j(2)?
-3
Let g(n) be the second derivative of n**3/6 - 2*n**2 + 1268*n. Let u be 1/(2/20) - 1. Calculate g(u).
5
Let j(n) = -n**3 + 7*n**2 + 5. Let p = 156 + -153. Suppose -4*g + 12 = -4*u, 0 = 2*g + p*u - 29 + 3. Calculate j(g).
5
Suppose -5*j = -2*p + 40, -3*j - 7 = -6*j - 5*p. Suppose -4*w + 2*y = y - 29, -4*w - 4*y + 4 = 0. Let t(r) = 3*r - 27*r + w*r + 10*r + 7*r - 1. Determine t(j).
5
Let v(l) = -7 + 5*l**3 + l**3 - 5*l**3 - 2*l**3 + 86*l**2 - 66*l**2. Calculate v(20).
-7
Suppose -2*s - 40 = 4*q, -q + 3*s = -2*q - 20. Let b = q - -10. Let x(c) = c**3 - 4*c**2 + 8 - 17 + 6*c**2 + b*c + 12. Determine x(-2).
-1
Suppose 6*u = 13*u - 35. Suppose -u*s = -12*s. Let n(h) = h**2 - 3*h - 6. Let x be n(s). Let j(v) = v**2 + 6*v + 2. Calculate j(x).
2
Let r be (-2)/(-5) - 12/5. Let y(p) = -34*p - 28. Let m(x) = 56*x + 47. Let s(c) = 3*m(c) + 5*y(c). Determine s(r).
5
Let a(p) = 42*p**2 + 17*p + 20. Let g(z) = -262*z**2 - 103*z - 121. Let q(t) = -25*a(t) - 4*g(t). Give q(-5).
-1
Let u(c) = -4*c + 1. Let i(q) = -3*q + 49. Let s(a) = i(a) - 3*u(a). What is s(-7)?
-17
Let v(u) = 27 - 11 + u**2 - 449*u - 2*u**2 + 449*u. Calculate v(0).
16
Let s(h) be the first derivative of -6*h**2 - 1780. Determine s(-4).
48
Let g(k) = -63263 + k**3 - k - 63252 + 0*k + 0*k**3 + 126523 - 13*k**2. Give g(13).
-5
Let n(q) be the first derivative of 2*q**2 + 26*q + 12796. Calculate n(-6).
2
Let b(r) = -r**2 + 11*r + 7. Let p(f) = -f**2 + 68*f - 472. Let i be p(60). What is b(i)?
31
Let h(b) be the first derivative of b**4/2 - 17*b**3 - 12*b**2 - 42*b + 149. Let o be h(26). Let t(d) = -d**3 + 9*d**2 + 12*d - 14. Calculate t(o).
6
Suppose 45*p + 481 = 256. Let r(x) = -x**3 - 6*x**2 - 12*x. Determine r(p).
35
Let j = -445 + 446. Let d(q) = q**2 + 15*q - 13. Let w be d(j). Let b(y) be the first derivative of y**3/3 - 2*y**2 + 2*y + 1. Give b(w).
-1
Let h(f) = 7*f**3 - 2*f**2 - 17*f + 3. Let o(n) = -4*n**3 + 9*n - 2. Let g be (-7)/315*-171 - (-6)/5. Let i(d) = g*o(d) + 3*h(d). What is i(7)?
6
Let y(h) = h**3 + 4*h**2 - 2*h - 3. Let m(d) = 2*d**3 - 4*d**2 - 8*d + 25. Let p be m(6). Let u = p - 268. What is y(u)?
12
Let y(p) be the second derivative of -p**3/6 - p**2 - 10*p. Let s(g) = 8*g + 14. Let w be s(-2). Determine y(w).
0
Suppose 0 = 99*x - 418*x + 3509. Let y(f) = 2*f**2 - 17*f - 43. Calculate y(x).
12
Let t be 6/39 - (-270)/(-65). Let r(s) be the first derivative of -s**4/4 - 5*s**3/3 - 3*s**2/2 + 5*s + 404. Give r(t).
1
Let y = -77 + 80. Let a be (-2)/y*(-2937)/(-178). Let p(x) = 2*x**2 + 20*x - 17. Calculate p(a).
5
Let p(k) = k - 4. Let r = 616 + -312. Let l be (7/35)/(-3 + r/100). What is p(l)?
1
Suppose 0 = 3*q - 10*q + 8*q. Suppose q = i + 5, -4*i - 27 = 3*k - i. Let h(d) = d**2 + 3*d - 1. Determine h(k).
3
Let f(p) = -869*p**2 + 116*p - 39. Let g(b) = -89*b**2 + 12*b - 4. Let v(o) = 3*f(o) - 29*g(o). Let y be 2 + 0 + -1 + 0. Give v(y).
-27
Let v(j) = 9*j**2 + 389*j + 85. Let s be v(-43). Let o(f) = -10*f - 13. Calculate o(s).
-3
Let h(b) = -b**2 - b. Let a(i) be the second derivative of i**4/3 + 2*i**3/3 + 12*i**2 + 55*i. Let r(p) = a(p) + 5*h(p). Determine r(0).
24
Let k(o) = o**3 - 8*o**2 + 6*o + 8. Let s(y) = -3*y - 34. Let c be s(-12). Let q be 4*(-3)/(-12) - (c - -3). Let v be (2/(-3))/(q/42). Calculate k(v).
1
Let y(d) = d**2 + 44*d + 198. Let j be y(-5). Let u(s) be the third derivative of 5/12*s**4 + 1/60*s**5 + 0*s - 5*s**2 + s**j + 0. Give u(-8).
-10
Suppose -3*u - 6*t + 13 = -13*t, -u = 4*t + 2. Let i(y) be the third derivative of 0*y**3 - 1/60*y**5 + 0 + 0*y + 1/24*y**4 - 3*y**2. Determine i(u).
-2
Let g(s) = s**3 + 4*s**2 + 8*s + 11. Suppose 0 = 63*x - 65*x + 3*c - 6, 4*x + 4*c + 12 = 0. Calculate g(x).
-4
Let y(i) be the second derivative of -5/12*i**4 - 1/360*i**6 + 1/30*i**5 + 0*i**3 + 0*i**2 - 6*i + 0. Let j(g) be the third derivative of y(g). Calculate j(4).
-4
Let v(j) = -j - 1. Let z(c) = c**2 - c. Let n(d) = v(d) - z(d). Let i be 2/(3/(-54)*-3). Suppose s - i + 10 = 0. What is n(s)?
-5
Let x(u) = 13*u - 165. Let k(i) = -i**3 + 23*i**2 - 85*i - 77. Let v be k(18). Determine x(v).
4
Let r = -183 - -189. Let x(y) = 4*y + 20. Let o(f) = -5*f - 22. Let b(p) = r*x(p) + 5*o(p). Let z(c) = -c + 3. Let j be z(-5). Give b(j).
2
Let x(w) = -5*w + 19. Let j(b) = 6*b - 31. Let v(c) = 2*j(c) + 3*x(c). Determine v(-6).
13
Let a(r) = r**3 + 8*r**2 + 6*r - 5. Let q = 1064 - 1072. What is a(q)?
-53
Let k(r) be the first derivative of r**2/2 - 2*r + 1134. Let y(q) = q**3 + 7*q**2 - q - 1. Let f be y(-7). Give k(f).
4
Let d be ((-20)/75)/(5/(-150)). Let p(f) = -42*f + 321. Give p(d).
-15
Let f(y) = 6*y**2 + 10*y + 24 - 14 + 4*y**2 + 19 + y**3. What is f(-10)?
-71
Suppose -4*y = -5*m - 230, 28 - 74 = m - 4*y. Let c = -44 - m. Let q(a) = 0 - a**3 + 9131*a + 3*a**2 - 9135*a + 2. Give q(c).
-2
Let f(c) = -c**2 + 10*c - 5. Let x be 135/(-10) - (-27)/18. Let k(w) = w**3 + 15*w**2 + 36*w + 11. Let l be k(x). Calculate f(l).
-16
Let x(r) = 18*r - 7*r + 825 + 847 - 1671. Let c(h) = 5*h - 4. Let v be c(4). Let s = v + -15. What is x(s)?
12
Suppose 5*p - 5*o = -o - 15, 5 = o. Let a(h) be the first derivative of 4*h**2 + h - 3884. Calculate a(p).
9
Let k(q) = q**3 + 21*q**2 + 39*q + 24. Let v = -8878 + 8859. Calculate k(v).
5
Let j(h) be the second derivative of h**5/20 + 3*h**4/4 + 8*h**3/3 - 4*h**2 + 2304*h. Calculate j(-4).
8
Let o(c) = -27 - 29 + c + 58. Let x(r) = -3*r + 10. Let a be x(4). Let w be (12/(-16) - a)*-4. Calculate o(w).
-3
Let w(b) = b**2 - 21*b + 37. Let i be w(19). Let o(u) = -5*u + 8. Let j(a) = -1. Let n(l) = i*o(l) - 4*j(l). What is n(4)?
16
Let c(g) be the second derivative of -72*g + 0 - 1/2*g**2 + 1/6*g**3. Give c(-1).
-2
Let h(g) = 2*g**3 + 9*g**2 - 3*g - 8. Let p be h(-5). Let o be (p/4)/((-33)/22). Let x(n) = 8*n**o + 8*n + n**2 - 3*n - 7*n**3 + 5 + 5*n**2. What is x(-5)?
5
Let p(g) = 3*g + 7. Let w(n) = -1. Let b(z) = p(z) + 2*w(z). Suppose -2*c + 2 = -4*d, 0 = -5*c - 5*d - 6 - 34. Determine b(c).
-10
Let q be (-4)/(-18) - (-12 + (-820)/(-45)). Let d(v) = -v**3 - 6*v**2 - 5*v - 9. Determine d(q).
21
Let t(i) be the second derivative of -i**4/6 + 2*i**3/3 + 4*i**2 - 7588*i. Calculate t(-4).
-40
Let g(x) = -x**2 + x - 1. Let v(f) = 5*f**2 - 9*f + 2. Let c(a) = -4*g(a) - v(a). Suppose 14*q + 6*q + 18 = 23*q. What is c(q)?
-4
Let x = -76 + -38. Let r = x + 120. Let g(u) = -8 + 5*u**2 - u**2 - 3*u - 3*u**2 - u. Determine g(r).
4
Let s(t) be the first derivative of t**4/4 + 3*t**3 + 4*t**2 + 6*t + 1. Let v be (0 + 1)*(71 + 5 + 4). Let z be (v/36 - 2) + 74/(-9). Give s(z).
6
Let h(i) = 4*i - 2*i**2 + 13 + 3*i + 11*i**2 - 8*i**2. Calculate h(-4).
1
Let x(y) = -4*y + 37. Let h be (-345)/(-55) - (-11 + 496/44). Determine x(h).
13
Let s(k) = -318*k - 951. Let j be s(-3). Let g(u) be the third derivative of 1/6*u**j + 0*u + 0 + 1/12*u**5 - 18*u**2 + 1/24*u**4. Calculate g(-1).
5
Let g(z) = 2*z**3 - 2*z**2 - 3*z - 2. Let s(p) = p**3 - 8*p**2 - 5*p + 10. Let j be s(8). Let a be -4 + -3 + j/(-5). Calculate g(a).
-3
Let v be ((-960)/25)/(-8) + (-16)/20. Suppose -v*s - 5*n = -28 + 23, 3*n = -3*s. Let f(c) = c**3 + 3*c**2 - 6*c - 1. Determine f(s).
-21
Let b = 779 - 746. Let j(u) = -172 + 43 + u + b + 35 + 45. Give j(6).
-10
Let n(g) = 5*g + 2. Let x(h) = h. Let b(w) = -n(w) + 4*x(w). Let s(m) = -2*m + 21. Let z be s(-6). Let f = z - 35. Give b(f).
0
Let h(w) = -16*w - 2 + 25*w + 10*w - 22*w. Let z(t) = t**2 - 8*t + 6. Let k be z(7). What is h(k)